- 3*r**3 - 4*r**2 - 5*r + 5. Let v be y(10). What is the greatest common divisor of 3 and v?
3
Suppose 0 = -0*o - o + 7. Let f be (-2014)/o - (-10)/(-35). Let i = f - -423. Calculate the highest common divisor of 15 and i.
15
Suppose 3*x + 35 = 332. Let v(h) = -2*h**3 - 2*h**2 - 2*h - 1. Let r be v(-2). What is the greatest common divisor of x and r?
11
Let a be 6/(-4)*40/(-3). Let f be 3*6*12/9. Suppose 2*l = -l + f. What is the greatest common divisor of l and a?
4
Let z be 6/(-5)*35/7. Let n(r) = -8*r - 8. Let q be n(z). Calculate the greatest common factor of 20 and q.
20
Let g = -96 - -144. Let v(x) = x**3 + 4*x**2 - x + 3. Let q be v(-4). Let d = 13 - q. What is the highest common factor of g and d?
6
Suppose -72 = 6*u - 8*u. What is the highest common factor of u and 4?
4
Let f(q) = -5*q - 1. Let v be f(4). Let i be 0 - (28 + (2 - 1)). Let z = v - i. What is the greatest common divisor of z and 1?
1
Let f = 103 - 144. Let h = f + 118. What is the highest common divisor of h and 11?
11
Suppose -5*u + 4*u + 5 = 0. Let w be -12*u/(60/(-9)). What is the highest common factor of 99 and w?
9
Let p be (62 - 2)/((-1)/(-2)). Suppose -3*h - 3*f = -51, h + 2*f - 22 = -0. Calculate the greatest common factor of p and h.
12
Suppose -4*b - 2 = i, -5*i = -4*b - 11 - 3. Suppose i*t - 50 = 38. What is the greatest common factor of 4 and t?
4
Let u = -73 - -91. What is the highest common divisor of 45 and u?
9
Suppose 3*a = 3*c + 2*c - 55, 4*c = 3*a + 44. Let b be (-2)/5 + (-1344)/(-35). Let h = b - c. Calculate the highest common factor of h and 18.
9
Let j = -24 + 30. What is the greatest common factor of 54 and j?
6
Suppose 5*o - 24 = v + 4, -2*o + 5*v = -2. Let w = -7 + o. Let d be 14 + w + 1 - 2. Calculate the greatest common factor of 18 and d.
6
Let q = 19 + -16. What is the highest common divisor of q and 33?
3
Let z(q) = -3*q**2 + 3*q**2 + 3 - q**2 + 9*q. Let h be z(9). What is the highest common divisor of 1 and h?
1
Let p be (-112)/2*(4 + 0)/(-8). What is the greatest common divisor of 21 and p?
7
Let w(r) = -7*r + 4. Let o(b) = 14*b - 8. Let y(t) = -4*o(t) - 7*w(t). Let i be y(-3). What is the highest common factor of i and 5?
5
Let z(c) = 3*c**2 + 6*c. Suppose p - 3 = 2. Let y be z(p). What is the greatest common divisor of y and 21?
21
Let b(w) = w**2 + 6*w + 8. Let n = 6 + -11. Let f be n - 2/((-6)/(-3)). Let l be b(f). What is the highest common divisor of l and 64?
8
Let n(f) = 6*f + 7. Let l be n(2). Let m = 94 + -56. Calculate the highest common factor of l and m.
19
Suppose -29 = -5*j + 101. Suppose -3*w = -2*m - 34, 2*w + 3*m = m + j. Calculate the highest common factor of 8 and w.
4
Let s = 18 + -17. What is the highest common factor of 11 and s?
1
Suppose 5*u + 5*x - 50 = 0, -12 - 8 = -5*x. Suppose -5*a - 89 = -274. Let g = -7 + a. What is the highest common factor of u and g?
6
Let d be 2/(-3)*(0 + -66). Let a = d - 27. Let r = 329 + -210. Calculate the highest common divisor of r and a.
17
Let f(b) = -7*b + 2. Let j be f(-2). Let s be 1690/15 - (-2)/(-3). Calculate the highest common divisor of j and s.
16
Let d(q) = 9*q - 1. Let r = -3 + 3. Let v be 3 - (0/1 - r). Let w be d(v). What is the greatest common factor of w and 39?
13
Suppose -19 + 4 = -3*i. Suppose 4*l = i*c + 5*l - 24, 5*c - 3*l = 28. Calculate the highest common factor of 20 and c.
5
Let m = -5 + 8. Suppose 4*c + c + 10 = 0. Let a = c + m. What is the highest common divisor of a and 1?
1
Suppose 5*b + 0*n + 4*n = 128, -n + 50 = 2*b. Calculate the highest common factor of 36 and b.
12
Let p be (-15)/(-10) + (-1)/(-2). Suppose -m - 3*s + 123 = m, 0 = 4*m - p*s - 238. Calculate the greatest common factor of 20 and m.
20
Let l be -3 - -7 - 2*1. Suppose -l*j = o - 19 - 6, 25 = 4*j - 3*o. Let d(m) = m**2 + m - 1. Let g be d(2). Calculate the greatest common factor of g and j.
5
Suppose -v - 5*w + 40 = -0*v, -3*w = v - 46. Let y(s) = s**2 + 22. Let u be y(0). What is the greatest common factor of v and u?
11
Let r = 6 - -14. Suppose 0 = -2*y + 8 + 32. Calculate the greatest common divisor of y and r.
20
Suppose -2*o - 24 = -150. What is the greatest common divisor of o and 18?
9
Let f be 2/(68/20 + -3). Suppose -v + z + f = 0, -21 = -5*v + 4*z - z. What is the greatest common divisor of 3 and v?
3
Suppose 5*j - 72 = -3*b, -b + 46 + 6 = 4*j. Calculate the greatest common divisor of 12 and j.
12
Let m(h) = -h**2 - 2. Let o be m(2). Let f be -4 - o - 3*26. Let p = -38 - f. What is the greatest common divisor of p and 19?
19
Suppose 166 = 4*l - 3*o, -o = -3*o - 4. What is the highest common factor of 70 and l?
10
Let o be (-6)/(-4)*8/6. Suppose 117 = 3*x + 4*q + 35, 2*x - 60 = -4*q. Calculate the greatest common factor of x and o.
2
Let p(z) = -3*z**3 - 4*z**2 - 2*z. Let y be p(-3). Suppose 3*i - 20 = -2*o, -o + y = 4*i + 21. What is the greatest common divisor of 8 and i?
8
Let p(f) = -f**3 - 8*f**2 + 9*f + 5. Let d be p(-9). What is the highest common divisor of d and 25?
5
Let k be 4*(0/(-2) + 1). Let u be ((-6)/(-2))/(3 - 2). Suppose p - 5*t - 16 = 2*p, u*t + 4 = -2*p. Calculate the greatest common divisor of k and p.
4
Let w = 173 + -65. Let t = w - 70. Suppose -k + 89 = p + 2*p, -2*k - p + 188 = 0. What is the highest common factor of k and t?
19
Let l = -38 - -46. Calculate the greatest common divisor of l and 8.
8
Let b(n) = -n**3 - 3*n**2 + 7*n. Let i be b(-5). Suppose 3*s + 1 = 2*k, -3*s + 6*s + 6 = 3*k. Calculate the greatest common factor of s and i.
3
Let l(h) = 37*h + 1. Let d be l(1). Suppose 0 = -0*r - r + 57. What is the highest common divisor of d and r?
19
Let a be (-24)/30*(-5)/2. Suppose c - 41 = -4*x, c + a*x - 36 = -x. What is the highest common divisor of c and 210?
21
Let h(x) = 2*x + 47. Let u be h(-22). Calculate the greatest common divisor of u and 12.
3
Suppose 2*m + 4*t = 3*t + 172, t + 332 = 4*m. What is the greatest common factor of 12 and m?
12
Let z(h) = h**3 - 7*h**2 + 6*h + 4. Let i be z(6). Suppose -4*f + 327 = 5*x, 0 = -0*x + i*x + 20. Calculate the highest common divisor of 8 and f.
8
Suppose -4*z + z = 3*t - 93, 4*t = -2*z + 70. Calculate the highest common divisor of z and 135.
27
Let l(w) = w**3 + 6*w**2 + w - 5. Suppose -d - 4 - 1 = 0. Let k be l(d). Calculate the highest common divisor of 135 and k.
15
Let w be (0 + -2)/((-1)/18). Let j(a) be the second derivative of 11*a**4/12 + a**3/2 - 2*a. Let b be j(-3). What is the highest common divisor of b and w?
18
Suppose -f = -5*f. Let n be (-6)/((-6)/3*1). Let w = n - f. Calculate the greatest common factor of w and 33.
3
Let q = 21 - 13. Suppose -2*h + 0*v + 18 = -2*v, -2*v = 3*h - 22. Calculate the highest common divisor of q and h.
8
Let i = 2 + 2. Suppose 0 = 2*r - 0*z - 2*z - 156, 5*r + i*z = 408. Let o(a) = -a**3 - a**2 + a + 8. Let f be o(0). What is the highest common factor of r and f?
8
Suppose -2*x + x = 4*u + 11, 79 = -5*x + 4*u. Let n be (8/5)/((-2)/x). What is the highest common divisor of 96 and n?
12
Let y = 5 + -3. Suppose n - 3 = 0, -s - y*s + 4*n = -18. Calculate the greatest common divisor of s and 10.
10
Let b = -30 - -15. Let i be 1 - 2 - -1 - b. Let x be 110*((-18)/4)/(-3). What is the greatest common factor of i and x?
15
Let w = -15 - -23. Calculate the greatest common factor of 64 and w.
8
Let p = 130 + -86. What is the greatest common divisor of p and 33?
11
Suppose -4*m + 4 = -2*i - 10, 3*m - 14 = -2*i. Suppose -5*p + 69 = m*h, 2*h - 4*p + 3*p - 45 = 0. What is the greatest common divisor of h and 105?
21
Let o = -9 - -16. What is the greatest common divisor of o and 7?
7
Let h = 415 - 140. Calculate the highest common divisor of 11 and h.
11
Let l(t) = 9*t**2 + 1. Let j be l(1). Let o be ((-3)/(-4))/(3/12). Suppose -4*y - 2*q = -432, o*y + q - 322 = -q. What is the greatest common factor of y and j?
10
Suppose 0*x - 4*r - 96 = -3*x, 5*r = -15. Let c(l) = 18*l**2 + 5*l. Let o be c(4). Calculate the highest common divisor of x and o.
28
Let j = -4 + 20. Suppose -4*g + j = 0, -t - 5*g + 25 = -10. Suppose 9*p = 8*p + 5. Calculate the greatest common factor of p and t.
5
Let q be 1/6 + (-106)/(-12). Suppose 3*a - 3 = q. Suppose -4*j - c = -93, a*j + 0*c - 83 = c. What is the greatest common divisor of 242 and j?
22
Suppose -2*i = -4*x + 216, 5*x - 4*x + 5*i 